ppose -p = -3*o + 738, 0 = -3*p + 2*o - 495 - 1719. Let b = p + 1410. Let d = b + -175. Is d prime?
False
Let v be (-1)/(-2) + 957/22. Let b = 54 - v. Suppose -10484 = -b*t + 9326. Is t a prime number?
False
Suppose -2 = 7*r + 26. Let s(t) = -t**2 - 5*t - 4. Let u be s(r). Suppose u = 5*o - 0*o - 1105. Is o a prime number?
False
Suppose 2*v - 3*b + 12684 - 2237 = 0, -3*v + 3*b - 15672 = 0. Let k = v - -8786. Is k a composite number?
True
Let n = -64539 + 147502. Is n prime?
True
Let a(j) = 13*j**2 - 7*j + 1. Let r = 22 - 18. Let m be ((-14)/(-3))/(r/6). Is a(m) a composite number?
True
Is (14 + 56)/14 - -1045758 a composite number?
False
Suppose 5*v - 45299 = 3*w + 223410, -v + 53737 = -3*w. Is v a composite number?
True
Is -4 + (-84)/(-8)*13070 a prime number?
False
Is (-141)/(5/(10860/(-36))) a prime number?
False
Let f(a) = 33*a**2 - 26*a - 156. Let z = -380 + 373. Is f(z) a prime number?
False
Let y(o) = -376*o**2 - 22*o - 2. Let u(i) = -190*i**2 - 12*i - 1. Let m(t) = 7*u(t) - 4*y(t). Let v = 5 - 7. Is m(v) composite?
True
Let x(a) = 12*a**2 - 6*a + 4. Let q be x(2). Is (-4)/10 + -14394*(-4)/q prime?
True
Suppose -43*r - 246*r + 69738670 = -171552921. Is r a composite number?
True
Suppose -2*d = -211 + 43. Is (d/(-168))/((-1)/1886 - 0) composite?
True
Suppose -327*o - 2095 = -326*o. Let t = 768 - o. Is t composite?
True
Let x(q) = -3*q - 55. Let b be x(-9). Is (-7)/(-28) + (-53361)/b composite?
True
Let u be 3/(-6) - 140/8. Let l(o) = -o**3 - o**2 - o. Let f(y) = -3*y**3 - 28*y**2 - 25*y + 25. Let z(r) = -f(r) + 2*l(r). Is z(u) a composite number?
False
Let d = -6 + 40. Let r(f) = -d*f - 1 + 0*f**2 + 17*f**2 + 6 + 49*f**2. Is r(-8) a prime number?
False
Suppose 5*v + 1841 = 7031. Let r = v + -227. Let x = r + -126. Is x composite?
True
Let b(p) = 4*p**2 + 22*p + 85. Let m be b(-30). Let r = m + -416. Is r composite?
False
Let q be (-1)/(-2) - (-24)/16. Is 2605*(-3)/(-2) + (-1)/q a composite number?
False
Let n = -236 - -233. Is (-4955)/(-5 + 7 + n) a composite number?
True
Let l(o) = -3*o - 22. Let y be l(-8). Suppose -y*k + 745 = 3*s + 278, k = 2*s - 309. Is s composite?
True
Let n(z) = 6*z**3 + z - 1. Let l be n(1). Suppose 2*b + 26*b = 32620. Suppose b = -o + l*o. Is o composite?
False
Suppose 2*y = b - 796 - 2991, 15112 = 4*b + y. Let r(u) = -1367*u**3 - u. Let c be r(1). Let a = c + b. Is a a composite number?
False
Let o be (-425)/(-51)*18/10. Let h be 1611/45 + 3/o. Is h/24 - (-2375)/2 prime?
False
Let w(b) be the first derivative of -123*b**2/2 - 34*b - 156. Is w(-25) a composite number?
False
Let a = -235472 + -137840. Is (a/160)/(2/(-5)) prime?
False
Suppose -6250*h - 4076120 = -6290*h. Is h a prime number?
False
Let z(f) = -f**3 - 52*f**2 + 783*f - 239. Is z(-72) prime?
False
Let t(k) = -24 - 37 + 24*k + 6 + 0*k. Is t(13) composite?
False
Let w(b) = 131*b**3 - b + 3. Let a = 337 - 335. Is w(a) a prime number?
True
Let t = 356 - -694. Let s = 13 + -9. Suppose t = s*f - 4546. Is f composite?
False
Let q(w) = w**3 - 5*w**2 - w - 2. Let r(b) = b**3 - 5*b**2 - 3. Let x(m) = -3*q(m) + 2*r(m). Let c be x(4). Suppose -27*l + c*l = 269. Is l composite?
False
Let l(z) = 18*z + 154. Let x be l(-7). Let c(y) = 3*y**3 - 77*y**2 - 61*y + 53. Is c(x) composite?
False
Let z = 735468 - 351031. Is z composite?
False
Let w be 125463/65 + (-4)/(-5). Let q(b) = 2*b + 1 - 3 - 2*b**2 + w*b**3 + 3 - b. Is q(1) a prime number?
True
Let m(x) = -4 - x**2 - 15*x + 12*x + 12. Let d be m(-6). Is (-5)/(d/(-8)) - -78 a prime number?
False
Let r(d) = 439*d - 219. Let p be r(14). Suppose -35219 = -2*i + p. Is i a composite number?
True
Let v(k) = 429*k**3 + 2*k**2 - 2*k + 1. Let m = 14 + -13. Let w be v(m). Suppose c - 165 = -0*c + 4*s, -3*c - s + w = 0. Is c prime?
False
Let w(q) = 11*q - 27. Let v be w(5). Let n(z) = 11*z - 129. Is n(v) composite?
False
Let q be (24/5)/((-45)/(-150)). Let f(t) = 0*t**2 + 8*t**2 - 19 + q. Is f(10) composite?
False
Suppose -33597 = -11*z + 6256. Is z composite?
False
Suppose -3*f = 2*r - 0*r - 36913, -5*f = 4*r - 61525. Is f composite?
False
Suppose 5 + 7 = 6*r. Suppose -3215 = -r*y - 675. Suppose -y = -4*k - 98. Is k prime?
True
Let z(d) = 44*d**2 + 41*d + 12. Let h be z(-15). Let t = -1244 + h. Is t a composite number?
False
Let h(m) = -161*m**3 + 162*m**3 - 13*m**2 + 15*m + 29 + 40*m**2 + 18*m. Let f = -18 + -7. Is h(f) composite?
True
Suppose -5*y - 35 = -3*g, 0*g - 4*y = -g + 21. Let x be 5698/g - (-6)/(-10). Suppose 152 - x = -7*v. Is v prime?
False
Suppose -154278629 = 107*c - 454*c. Is c prime?
True
Let k(p) = -p**3 - 24*p**2 - 242*p - 148. Is k(-25) a composite number?
True
Let t = 21599 - -21149. Let i be 2 + t/(-12) + 4/(-6). Let d = -622 - i. Is d a prime number?
True
Suppose -10 = d - 4*d + 4*j, 3*d - 2*j = 8. Suppose d = i + 2. Suppose -p = -3, -r + 2*r - 5*p - 188 = i. Is r composite?
True
Suppose -2*g - 42 = -8*g. Let a(j) = j - 7. Let h be a(g). Suppose -5*l + 1018 = 3*z, 4*l - 3*z - 2*z - 807 = h. Is l a composite number?
True
Let j(h) = 2*h**3 - 10*h**2 + 3*h + 3. Let l be j(5). Let c be (6/l*2)/((-1)/3). Is 3/(1 - c)*(3 - -344) a prime number?
True
Let j = 2 + 0. Let i be (-27)/18*(8 - j). Let f(y) = -24*y - 17. Is f(i) composite?
False
Is (-1946)/22379 - (1 - (-25795008)/(-23)) composite?
True
Suppose 379*g = 373*g + 12. Suppose 3*m - 10073 = 4*v, -6*m + m + 16797 = g*v. Is m a prime number?
True
Let n be ((-654)/(3 - 2))/(-25 + 27). Let f = 1076 + n. Is f composite?
True
Let m be (-11 + 3 - -10)/((-2)/37). Is m/(16/(-9816)*(-9)/(-6)) composite?
True
Let m be ((-12)/(-9))/(10/105). Let g be (-43719)/(-7) + 6/m. Is -7 + g/2 - (0 + -3) composite?
False
Let a = -168052 - -361625. Is a composite?
False
Let q(b) = 3*b**3 + 11*b**2 - 10*b - 4. Let k be q(7). Suppose 4*d + 4 = 0, 2*c - 5*d + 929 = -0*c. Let y = k + c. Is y prime?
False
Let h = 1775 + -2564. Let f = 1360 + h. Is f a prime number?
True
Let t = -92134 - -137693. Is t a composite number?
True
Let f(u) = u**2 - 9*u. Let d be f(9). Suppose d = 2*y - 8, 5*m - y + 2 + 2 = 0. Suppose -8*p + 5750 - 1614 = m. Is p composite?
True
Is (60626/2)/(1/7) + -3417 + 3413 a composite number?
True
Let i be (5/(-4))/(-5) - (-66)/(-8). Is (-1017)/i + (3 + 2)/(-40) a composite number?
False
Let z be (0/(-4) + -1)/(1/(-90)). Suppose -4*c = -10*c - z. Is 3/c - 11392/(-10) prime?
False
Suppose -20*x = 8*x - 168. Suppose -519 = -x*p + 14607. Is p a prime number?
True
Is (2 - 20 - -10) + 95301 composite?
True
Let c(j) = -1272*j**2 + 2*j + 5. Let y(t) = -2545*t**2 + 5*t + 8. Let n(w) = 5*c(w) - 3*y(w). Is n(1) a prime number?
False
Let v(b) = -b**3 - 15*b**2 - 27*b - 13. Let q be v(-13). Suppose q = -21*i - 7568 + 65885. Is i prime?
True
Let b(p) = 132*p - 71. Let a be 197/11 + 21/231. Is b(a) prime?
False
Let t(w) = w**2 + 19*w + 37. Let k be t(-17). Suppose 4*j - 471 = 2*p + k*j, -j = 5*p + 1195. Let y = 133 - p. Is y a prime number?
False
Is (7/(-4))/(12/(-773328)) composite?
True
Is (4 - 6)/(1/743*-2) prime?
True
Suppose j + 95*p = 99*p + 20841, -p = 3*j - 62549. Is j prime?
True
Let m = 56515 + -36570. Let r = m + -10886. Is r composite?
False
Let t(l) = -2973*l - 47. Let v(z) = -z + 2. Let o(b) = t(b) - 3*v(b). Is o(-5) a prime number?
True
Let x(s) = -s**3 - 3. Let v be x(-3). Suppose 4*l + 4 - v = -4*o, -2*l + 10 = o. Suppose 2543 = 3*z + l*q, 3*q = 3*z + 5*q - 2531. Is z a prime number?
False
Let b be ((-34)/4 + 8)/((-1)/4). Let k = -181 + 2786. Suppose -3*u - b*u + k = 0. Is u a composite number?
False
Suppose -14 = -5*b - 2*w, -7*w + 2*w = b - 12. Is 7024/24*1/b*3 a composite number?
False
Let t be -10 + ((-51)/(-34))/((-6)/(-16)). Let f(j) = 167*j**2 - 7*j - 31. Is f(t) a prime number?
False
Suppose 2*d + 25*d - 32798340 = -153*d. Is d a prime number?
False
Let u(z) = -144*z - 69. Let r be u(-8). Let f = 254 + r. Is f prime?
False
Let m(p) = 18*p**2 - 3*p + 4. Let h be m(1). Let c(u) = -h*u - 21*u - 45*u + 12*u - 3. Is c(-8) a composite number?
True
Let u = 746957 + -390496. Is u a prime number?
False
Let h be ((-4)/18)/(1/(-9)). Suppose h*z - 445 - 217 = 0. Let k = -172 + z. Is k composite?
True
Let i(x) = 871*x + 16. Let p be (-396)/(-220)*1*5. Is i(p) a composite number?
True
Suppose v = 5*f - 335457, -f + 2*v - 3*v + 67089 = 0. Is f prime?
False
Let n be (